621 + 3?
32182624
In base 7, what is 152222116 + 11?
152222130
In base 15, what is -3924c9 + -5?
-3924ce
In base 11, what is -21a768 + -4?
-21a771
In base 8, what is -506020 + 116?
-505702
In base 6, what is -45403 - 200?
-50003
In base 10, what is -2409496 + 2?
-2409494
In base 16, what is -152 - -1262fe?
1261ac
In base 12, what is -42b + -3b72?
-43a1
In base 2, what is -10011 - 1001011000111000?
-1001011001001011
In base 3, what is 1220 - -102110211201?
102110220121
In base 5, what is -1114203341 + -2102?
-1114210443
In base 10, what is 20 + -654779?
-654759
In base 10, what is -352109881 + -2?
-352109883
In base 8, what is -57032 - 126?
-57160
In base 7, what is -1 - -46100203?
46100202
In base 14, what is 7c75 + -335?
7940
In base 7, what is 2 + -63600452?
-63600450
In base 11, what is 15a54 - 847?
15208
In base 11, what is 36 + 2989965a?
29899695
In base 10, what is -1435297 - 241?
-1435538
In base 8, what is -1545477563 + 2?
-1545477561
In base 9, what is 32026408 + -7?
32026401
In base 6, what is -5 + -11043341432?
-11043341441
In base 8, what is 11073 - -7250?
20343
In base 8, what is -71252 + -4123?
-75375
In base 14, what is -7 + 298bd2b?
298bd24
In base 3, what is 10022201 + -20120012?
-10020111
In base 13, what is 142 + -3a17?
-38a5
In base 3, what is 11111120112 - -2020020?
11120210202
In base 7, what is 1 + -2454412146?
-2454412145
In base 14, what is -5926 - 14c?
-5a74
In base 9, what is -535336052 + 5?
-535336046
In base 9, what is -3 + 2562063?
2562060
In base 6, what is -240 + 3010555?
3010315
In base 3, what is -211 + -12222201021001?
-12222201021212
In base 3, what is -222102012111 + 112?
-222102011222
In base 11, what is 1905a736 + -4?
1905a732
In base 14, what is 247b69c - -17?
247b6b5
In base 7, what is -36013445 + -5?
-36013453
In base 7, what is 2 - 4421524?
-4421522
In base 10, what is -3120 + -31320?
-34440
In base 6, what is -52123114 - -313?
-52122401
In base 7, what is -5 + -12465612?
-12465620
In base 16, what is 8 - -a3eacf3?
a3eacfb
In base 16, what is 22196e + 219?
221b87
In base 8, what is 47375211 - 4?
47375205
In base 16, what is -2 - 18ea8f?
-18ea91
In base 11, what is 14914 - 59?
14866
In base 9, what is -16 + -2044416?
-2044433
In base 4, what is 32 + -1022333001?
-1022332303
In base 4, what is -11 - -121302202113?
121302202102
In base 7, what is 31252466241 - -3?
31252466244
In base 13, what is 1229 - ac38?
-9a0c
In base 15, what is 122eaea - a?
122eae0
In base 14, what is -900a5b - -38?
-900a23
In base 13, what is -18a + -3a884?
-3aa41
In base 12, what is 389b3 + 6?
389b9
In base 13, what is 13591246b - 1?
13591246a
In base 4, what is 32 - 11220120202122?
-11220120202030
In base 16, what is -2d + e35e8?
e35bb
In base 8, what is 21 - -443560?
443601
In base 10, what is -3918 - 97?
-4015
In base 2, what is -10110110110000111100110101 - 11000?
-10110110110000111101001101
In base 13, what is 1884580 - 0?
1884580
In base 12, what is -9983 - -554?
-942b
In base 11, what is 3a84 - 950?
3134
In base 12, what is 602592b + 3?
6025932
In base 10, what is -11 - -46426?
46415
In base 10, what is 3018038 - 15?
3018023
In base 15, what is -b7 + 26de?
2627
In base 11, what is -2 - 55740a?
-557411
In base 16, what is -f83a4 + -4?
-f83a8
In base 11, what is -11085 + -2309?
-13393
In base 12, what is -10aa - 4334?
-5422
In base 8, what is -1421215 - 11?
-1421226
In base 12, what is -4 + 25ab375?
25ab371
In base 9, what is 10255023 + -58?
10254854
In base 2, what is -100001 - -11011001110110111110?
11011001110110011101
In base 6, what is 13015444 + -31?
13015413
In base 16, what is 68809 + c23?
6942c
In base 10, what is 4 - -54813816?
54813820
In base 4, what is -102020013321 - -23?
-102020013232
In base 2, what is -1111100110010000111000 + 101?
-1111100110010000110011
In base 9, what is 24640 + -1568?
23061
In base 11, what is 26 + 706319?
706344
In base 2, what is 11111011111011000100110 + -100101?
11111011111011000000001
In base 13, what is -365 + 51b2?
4b4a
In base 7, what is -514035341 - 2?
-514035343
In base 7, what is -34 + -434631?
-434665
In base 7, what is 15105336 + 43?
15105412
In base 9, what is -32714668 - 10?
-32714678
In base 5, what is 1 + 100331044241?
100331044242
In base 7, what is 142 + -3023640?
-3023465
In base 7, what is 2 + -35226665?
-35226663
In base 8, what is -36360740 + -3?
-36360743
In base 4, what is 1 - 2300110012013?
-2300110012012
In base 9, what is -217378 + 455?
-216823
In base 15, what is 9 + -48265ec?
-48265e3
In base 12, what is -1338603 - -40?
-1338583
In base 5, what is -31 - -444300021?
444244440
In base 15, what is 15b + -2b249?
-2b0dd
In base 13, what is 15b774 - 33?
15b741
In base 15, what is -72 - 6bd8?
-6c5a
In base 13, what is 5 - -112130a?
1121312
In base 6, what is 1402424031 + 5?
1402424040
In base 16, what is 20db7 - -8?
20dbf
In base 13, what is -18b4396a - 1?
-18b4396b
In base 10, what is -1578377 - -4?
-1578373
In base 10, what is -5 + 30395335?
30395330
In base 8, what is 3524003 - 120?
3523663
In base 8, what is -11756077477 - -1?
-11756077476
In base 8, what is 205727 + -3?
205724
In base 16, what is 2 - -157d09c?
157d09e
In base 9, what is 8 - 1025537?
-1025528
In base 15, what is -42b - -6a4b?
6620
In base 5, what is 10201321313 - 11?
10201321302
In base 14, what is 5a77b + 363?
5ab00
In base 9, what is -32617 + -6067?
-38685
In base 10, what is -4 + 13263079?
13263075
In base 7, what is 1625115635 - -2?
1625115640
In base 8, what is -12201 + 250775?
236574
In base 14, what is -6082aa + 0?
-6082aa
In base 8, what is -270 + -5364232?
-5364522
In base 15, what is b99 + -d23?
-179
In base 6, what is -3030305015 + 4?
-3030305011
In base 10, what is -269463788 + -5?
-269463793
In base 15, what is cb0c56 - 3?
cb0c53
In base 5, what is -2230420 + 1021?
-2224344
In base 3, what is -20122101 + -2001022?
-22200200
In base 12, what is -521a + -39760?
-4297a
In base 8, what is 343024015 + -1?
343024014
In base 14, what is 46ad8 + -217?
468c1
In base 2, what is 11101100111010010101100001 + 1?
11101100111010010101100010
In base 4, what is 1200023220303 - 2?
1200023220301
In base 4, what is -213133311010 - 13?
-213133311023
In base 12, what is -25 - -1b816?
1b7b1
In base 3, what is 20011002211 + -11001?
20010221210
In base 12, what is -830a01 + 8?
-8309b5
In base 4, what is -10311130 - 1230?
-10313020
In base 2, what is -1010001000111100 - 1111100111010?
-1100000101110110
In base 12, what is -7a9a07b + -2?
-7a9a081
In base 10, what is -3853092 + 9?
-3853083
In base 7, what is -2421 - -345264?
342543
In base 16, what is 14ea2 + -69b?
14807
In base 12, what is -186 - -20998?
20812
In base 12, what is -2 + -1b9181?
-1b9183
In base 11, what is -4668 - 764?
-5321
In base 7, what is -63200 + 1212?
-61655
In base 10, what is -700824 + 668?
-700156
In base 4, what is -210122303101 + 3?
-210122303032
In base 4, what is -10112 + -311302030?
-311312202
In base 10, what is -121 - 88494?
-88615
In base 14, what is 3c2 + 134a?
172c
In base 4, what is 103300 - 3003310?
-2300010
In base 6, what is -43555 + 111001?
23002
In base 13, what is -18838 + -358?
-18b93
In base 16, what is -567c55 + 1?
-567c54
In base 16, what is 2 - -4cc2942?
4cc2944
In base 8, what is 3673 + 1016?
4711
In base 16, what is 14 - c0edb?
-c0ec7
In base 16, what is -1b + -1cb5e3?
-1cb5fe
In base 10, what is 17390584 - 4?
17390580
In base 4, what is 1100012 - -211123?
1311201
In base 6, what is 221 - -1434040?
1434301
In base 12, what is 7607392 + -2?
7607390
In base 7, what is -313212126 + 2?
-313212124
In base 3, what is -111220 - -1010212021011?
1010211202021
In base 13, what is -192200 + 4a?
-192183
In base 14, what is -353283 + -17?
-35329a
In base 2, what is -1000110101111 - -111111000100100?
110110001110101
In base 10, what is 880 - 71715?
-70835
In base 16, what is -baf - -3e2b1?
3d702
In base 10, what is -1272528 + -53?
-1272581
In base 11, what is -a9a61 + -1458?
-100409
In base 15, what is 10d4 - -1e8?
12cc
In base 8, what is -42 + 1211321?
1211257
In base 15, what is -405 - -2806?
2401
In base 4, what is -2 + -30231322321210?
-30231322321212
In base 4, what is -110133 + 2003?
-102130
In base 3, what is 22 - -20201110011112011?
20201110011112110
In base 3, what is -10 + 2001022211001?
2001022210221
In base